
What is the highest common divisor of 12 and 606503?
1
Calculate the greatest common divisor of 52300108 and 841.
841
Calculate the greatest common divisor of 19228 and 1804396.
1012
Calculate the greatest common factor of 49 and 22904119.
49
Calculate the greatest common factor of 54958420 and 220.
220
Calculate the highest common factor of 1464 and 21900952.
488
What is the greatest common factor of 75 and 14616575?
25
What is the highest common divisor of 1 and 691907?
1
What is the greatest common factor of 611 and 669797?
47
What is the greatest common divisor of 3886 and 290?
58
Calculate the highest common factor of 1264968 and 804.
12
Calculate the highest common factor of 4213 and 37125.
11
Calculate the highest common factor of 476573 and 1629.
181
What is the greatest common factor of 28017 and 2421?
9
Calculate the highest common factor of 29586800 and 10534.
458
What is the highest common factor of 88938 and 215298?
486
What is the greatest common divisor of 11160 and 95635?
155
Calculate the highest common factor of 5027514 and 7695.
57
What is the greatest common divisor of 57677 and 278658?
137
What is the highest common divisor of 2441251 and 1304?
163
Calculate the highest common factor of 1292610798 and 81.
81
What is the greatest common divisor of 20 and 879089240?
20
Calculate the greatest common divisor of 107915 and 4508555.
955
What is the highest common factor of 172416 and 464?
16
What is the greatest common divisor of 440 and 1586098360?
440
What is the greatest common divisor of 255 and 890528?
17
What is the highest common factor of 88 and 58615480?
88
What is the highest common factor of 370836 and 18?
18
Calculate the greatest common factor of 62634898 and 3046.
3046
Calculate the greatest common factor of 16572 and 660.
12
Calculate the greatest common divisor of 35303700 and 3300.
300
What is the highest common factor of 69387 and 330573?
303
Calculate the highest common factor of 1116 and 247134.
6
Calculate the greatest common factor of 444288 and 392184.
312
What is the highest common divisor of 2450672 and 224?
112
What is the greatest common divisor of 1044 and 3187206?
18
What is the highest common factor of 26418 and 73878?
42
What is the highest common factor of 14625 and 29409?
3
Calculate the greatest common divisor of 8044505 and 665.
665
What is the greatest common divisor of 676084949 and 1249?
1249
What is the greatest common divisor of 102641175 and 2975?
175
Calculate the greatest common factor of 1989261 and 3403.
83
What is the highest common divisor of 16 and 163339292?
4
Calculate the greatest common divisor of 4638982 and 4016.
502
Calculate the highest common factor of 17 and 10978685.
17
What is the highest common factor of 138645 and 12255165?
1755
What is the highest common divisor of 34005960 and 210?
30
What is the greatest common divisor of 51359 and 138299?
161
Calculate the highest common divisor of 394 and 951790331.
197
Calculate the greatest common divisor of 4498 and 664482793.
2249
What is the highest common factor of 13919396 and 867?
289
What is the greatest common factor of 13582927 and 8108?
2027
Calculate the greatest common factor of 30533870 and 86.
86
What is the highest common factor of 11219248 and 3859?
227
What is the highest common factor of 8244 and 740736?
36
What is the greatest common divisor of 11992 and 618082670?
2998
Calculate the greatest common factor of 385 and 21764330.
35
Calculate the highest common divisor of 337014741 and 6.
3
Calculate the greatest common divisor of 52096 and 4698704.
592
Calculate the greatest common factor of 1688883 and 61593.
147
What is the greatest common divisor of 2590 and 2803490?
370
Calculate the highest common divisor of 2738130 and 35310.
3210
Calculate the greatest common factor of 1712 and 2759024.
16
Calculate the greatest common divisor of 396925216 and 64.
32
What is the greatest common divisor of 15498 and 179334?
2214
Calculate the greatest common factor of 12968 and 2750837.
1621
What is the highest common factor of 65756153 and 4511?
347
Calculate the highest common divisor of 854546 and 531272.
2506
Calculate the greatest common divisor of 100 and 3740125.
25
Calculate the greatest common factor of 6039750 and 32250.
750
What is the highest common factor of 4650 and 56337850?
1550
Calculate the highest common divisor of 2466554 and 1062.
118
What is the greatest common divisor of 28 and 102744964?
28
Calculate the greatest common divisor of 42372460 and 12.
4
What is the highest common factor of 1856 and 1157696?
64
What is the highest common divisor of 3102225 and 2375?
475
Calculate the greatest common factor of 3651028 and 9356876.
5956
Calculate the highest common factor of 219375 and 841050.
675
Calculate the greatest common factor of 90 and 105770190.
30
Calculate the highest common divisor of 812842 and 477006.
1486
Calculate the highest common divisor of 30704 and 2400.
16
What is the highest common divisor of 70013241 and 162?
81
Calculate the highest common factor of 1944 and 318141.
27
What is the highest common divisor of 23905875 and 10500?
2625
What is the highest common divisor of 217952 and 15484?
196
Calculate the highest common divisor of 24785300 and 500.
100
Calculate the highest common divisor of 2419115 and 27430.
1055
What is the greatest common divisor of 1977132 and 49713?
219
Calculate the highest common divisor of 2452428 and 252.
36
What is the highest common factor of 2862272578 and 277?
277
Calculate the greatest common divisor of 5020 and 5668835.
1255
Calculate the highest common divisor of 10705980 and 300.
60
What is the greatest common factor of 4725539 and 1456?
91
Calculate the highest common factor of 139738 and 287542.
218
What is the highest common factor of 1370 and 289342630?
1370
Calculate the greatest common divisor of 162832787 and 26.
13
What is the highest common factor of 29871 and 19970423?
3319
Calculate the greatest common factor of 6 and 4161844.
2
Calculate the greatest common divisor of 16486 and 42318.
2
What is the greatest common divisor of 1078 and 5817476?
98
What is the highest common factor of 19 and 1073671?
19
Calculate the highest common divisor of 88 and 4124096.
8
What is the greatest common divisor of 29355 and 3739485?
285
Calculate the highest common factor of 3150 and 27214425.
1575
Calculate the highest common factor of 200 and 87758600.
200
Calculate the greatest common factor of 26 and 1345154.
2
Calculate the greatest common divisor of 37102934 and 36556.
1406
Calculate the greatest common divisor of 11132 and 68356.
92
Calculate the highest common factor of 43616 and 2259854.
2726
Calculate the greatest common divisor of 63883 and 975126.
331
Calculate the greatest common divisor of 26110238 and 154.
154
Calculate the greatest common factor of 2932333 and 707.
101
What is the greatest common factor of 31779 and 339768?
297
Calculate the highest common factor of 4270175 and 780.
65
What is the greatest common divisor of 485 and 43535?
5
What is the highest common divisor of 2795 and 261573?
13
Calculate the highest common factor of 19829585 and 5675.
1135
What is the greatest common factor of 2377937 and 186346?
4051
What is the highest common factor of 10800 and 19510?
10
Calculate the highest common factor of 216 and 5494446.
54
Calculate the highest common factor of 2 and 42852573.
1
Calculate the highest common divisor of 647700 and 17425.
425
What is the greatest common factor of 40 and 8236500?
20
Calculate the greatest common factor of 4787637 and 21093.
237
Calculate the highest common factor of 386 and 21400226.
386
What is the greatest common divisor of 1315842360 and 20?
20
Calculate the highest common divisor of 750878 and 36418.
278
What is the highest common divisor of 82796330 and 130?
10
Calculate the greatest common divisor of 644 and 87835919.
23
Calculate the highest common factor of 95389 and 1057.
7
What is the highest common factor of 850384 and 108?
4
What is the highest common factor of 488 and 7030372?
244
What is the greatest common factor of 1400 and 12329400?
200
Calculate the greatest common factor of 4096 and 10033664.
512
Calculate the greatest common factor of 1890 and 1402002.
378
Calculate the hi